, 5
Let g = 19294 - 12336. What are the prime factors of g?
2, 7, 71
Let u be 27/12*-4*1. Let h(o) = -6 + 9*o - 3*o - 14*o. List the prime factors of h(u).
2, 3, 11
Let h = -177 + 259. List the prime factors of ((-119)/(-14))/(1/h) + 3.
2, 5, 7
Suppose -3*p - i + 72040 = 0, 96064 = 4*p + 110*i - 106*i. List the prime factors of p.
2, 3, 23, 29
Let i = -86 + 122. Suppose i = 8*c + 12. What are the prime factors of ((852/10)/c)/((-2)/(-5))?
71
Let k = -11940 + 12496. What are the prime factors of k?
2, 139
Let h(p) = 7*p**2 - 12*p + 2. Let l(u) = -u - 14. Let q(v) = -v**3 - 11*v**2 + 13*v + 2. Let d be q(-12). Let o be l(d). List the prime factors of h(o).
2, 3
Let k(n) = n**3 - 22*n**2 + 6*n + 22. Let g be k(22). Let c(q) = -g*q - 12 - 145*q + 190*q + 4. What are the prime factors of c(-2)?
2, 3, 5, 7
Suppose 4*x = 4*h + 53416, 2*x = 5*h + 10840 + 15877. What are the prime factors of x?
13, 79
Suppose 4*i + 1262 = -x, 2*i + 947 = -4*x + 323. Let n be -2*i/8*2. Suppose 0 = -5*w + n - 43. What are the prime factors of w?
23
Let v(f) = 62*f**3 + 8*f**2 - 34*f. List the prime factors of v(4).
2, 3, 5, 11
Suppose -53 + 24 = -d. Suppose -d + 314 = 5*p. Suppose -3*y = -2*u + 113, y = -3*u + p + 118. What are the prime factors of u?
2, 29
Let a(q) = -q**3 + 9*q**2 - 8*q - 7. Let h be a(6). Suppose j = -44 - h. Let z = j - -192. List the prime factors of z.
5, 19
Let k(o) = 5*o - 6 + 2 + 4. Let h be k(1). Suppose h*b = -3*i - 2*i + 155, -3*i + 4*b + 128 = 0. What are the prime factors of i?
2, 3
Let v(i) = -i**3 + 16*i**2 - 9*i - 13. Let z = -350 + 363. List the prime factors of v(z).
13, 29
Let y = 5 + -3. Let h(l) = 49*l**3 + 2*l + 5. What are the prime factors of h(y)?
401
Suppose 111 - 51 = 12*n. Suppose 0 = -n*i + 4*q + 364, -3*q + 392 = 3*i + 2*i. List the prime factors of i.
2, 19
Let d be ((-3)/2)/(3/(-116)). Suppose -d*w + 53*w + 55 = 0. Suppose -9*m - 206 = -w*m. List the prime factors of m.
103
Let f(s) = s**2 - 13*s - 79. Let z(t) = t**2 - 12*t - 77. Let o(i) = -2*f(i) + 3*z(i). List the prime factors of o(22).
191
Suppose 5*r + 4*w - 56 = 0, 21 = 3*r - 3*w - 18. List the prime factors of 13740/72 - (-2)/r.
191
Suppose 13388 = v + 4*p, 1332*v - 1337*v + 4*p = -67012. What are the prime factors of v?
2, 5, 67
Let z = -88 + -137. Let f be (-6)/(-8) + z/12. What are the prime factors of (-277)/(-4) - f/24?
2, 5, 7
Suppose 0 = -7*h + 3*h + 16. Suppose -o = k - 25, 12 + 28 = 2*k + h*o. Suppose -5*p + k = -0*p. List the prime factors of p.
2, 3
Suppose 0 = 5*n - 4*y - 32265, 3*n - 5349 = y + 14017. List the prime factors of n.
11, 587
Suppose 13 = 21*q - 92. Suppose -4*r - 26*o + 652 = -22*o, q*o = 2*r - 298. What are the prime factors of r?
3, 53
Let j(l) = l + l**2 + 182 + 618 - 75. What are the prime factors of j(0)?
5, 29
What are the prime factors of ((-12)/20*77245/(-84))/((-1)/(-4))?
2207
Let o(g) be the first derivative of -g**2/2 + 4*g - 17. Let v be o(3). What are the prime factors of -4 + v - (-25)/1?
2, 11
Suppose 5*k = -454 - 36. Let d = k - -95. Let w(y) = 2*y**2 - 2*y + 3. List the prime factors of w(d).
3
Let a(d) = -111*d + 875. What are the prime factors of a(-23)?
2, 857
Let x be -3*(-3)/2*328/(-123). Let j(h) = -31*h - 133. What are the prime factors of j(x)?
239
Suppose -4*p = -5*s + 25, s = -p + 8 - 3. Suppose p = 5*w + 229 - 949. Let k = w + -93. List the prime factors of k.
3, 17
Let s be ((-280)/(-6))/(((-112)/(-1281))/8). Suppose -s - 3374 = -14*y. What are the prime factors of y?
2, 3, 7, 13
Suppose 4*k - 152 = 2*n - 3*n, -k + 297 = 2*n. Suppose -4*a = -q + n, -q + a + 139 = -3. List the prime factors of q.
2, 5, 7
Let i(d) = 1077*d - 3885. What are the prime factors of i(13)?
2, 3, 281
Suppose 0 = -r - 4, -3*r = -5*n + r + 46. Let t be 3/n - (-10)/8*2. Suppose t*s + 811 = 4*f, 36 = f + 4*s - 162. What are the prime factors of f?
2, 101
Let r(m) be the first derivative of 2*m**2 - 28*m + 40. Let w be r(7). Suppose 2*j + 3*j - 575 = w. List the prime factors of j.
5, 23
Let x(i) = -i**2 + 14*i + 147. Let o be x(21). Suppose o = -3*d + 2*h + 3694, -3*h - 2468 = -2*d - 7*h. List the prime factors of d.
2, 7, 11
Let l(d) = -d**3 - 11*d**2 + 34*d - 13. Let h be l(-15). Let q = -41 + h. List the prime factors of q.
2, 3, 7
Let h(v) = -165*v**2 - v - 4. Let t(c) = c**2 + c + 1. Let p(f) = -h(f) - 5*t(f). Let q be p(-1). Suppose -q*k = -168*k + 1155. List the prime factors of k.
3, 7, 11
Suppose -109*t + 909596 = -2209221. List the prime factors of t.
13, 31, 71
Suppose -4*x - 2*f - 3*f + 833 = 0, -1 = -f. Suppose -4*i = -3*i - x. Let p = i - 42. List the prime factors of p.
3, 5, 11
Let w be 36/12 + 21 - (-2 + -1). Suppose 5*d + 2*o - 380 = 0, -69 = d - 2*d + o. Let y = d - w. List the prime factors of y.
47
Suppose 5*a = -f - 19163, -4*a - 7*f + 6*f = 15330. Let d = -2156 - a. List the prime factors of d.
3, 13, 43
Let y(w) = w**3 + 37*w**2 - 35*w + 213. What are the prime factors of y(12)?
3, 761
Suppose 2*o = 97 - 39. Suppose 7*k - 436 = 3*k. Let l = k - o. List the prime factors of l.
2, 5
Suppose -10*x - 5*j - 18140 = -7*x, 0 = -x - 3*j - 6048. Let u = -4276 - x. What are the prime factors of u?
29, 61
Suppose 5*m = 3*u - 84146, 16*u - 11*u = 3*m + 140270. List the prime factors of u.
28057
Let y be (-5 + 17)*(-2)/(-6). Suppose 5*w = -0*w - y*f + 5140, 4*f = -2*w + 2068. List the prime factors of w.
2
Suppose 0 = -7*t + 201*t - 4096504. What are the prime factors of t?
2, 5279
Let c(j) = j**2 - 42*j - 45. Let n(p) = -p + 1. Let f(h) = -c(h) + 3*n(h). List the prime factors of f(30).
2, 3, 53
What are the prime factors of (-24)/(-18) - 2*42034/(-12)?
7, 11, 13
Let y(j) = 106*j**2 + 5*j + 155. What are the prime factors of y(-12)?
15359
Suppose -3*h - 3*g + 129 = 0, h - 221 = -4*h + g. Let u = h - 37. Let w(t) = 2*t**3 - 12*t**2 + 9. List the prime factors of w(u).
107
Suppose -23*n + 56594 = -21*n - 4*o, 113108 = 4*n + 2*o. What are the prime factors of n?
3, 11, 857
Suppose 0 = -177*a + 182*a - 6780. Let n = a + -622. What are the prime factors of n?
2, 367
Suppose 0 = -3*k - 3, m - 2*k - 53 = -2*m. Suppose 0 = -6*x + m + 7. Suppose c - x = -0*c, -157 = -5*u + 2*c. List the prime factors of u.
3, 11
Let z be 32/5 + 8/(-20). Suppose 21*v + 13*v = 8*v. Suppose v = -4*g + g + z, 3*f + 4*g - 263 = 0. List the prime factors of f.
5, 17
Suppose 3*m + 3*z = 135 + 150, -3*z - 3 = 0. Suppose 7*q - m = 11*q. Let x = 78 + q. List the prime factors of x.
2, 3
Let i be (-376)/(-20) + 8/(-10). Let q be 76/i - 1 - 2/9. Suppose 0*t - 351 = -q*t. What are the prime factors of t?
3, 13
Let q(k) = k**3 + 28*k**2 - 58*k - 24. Let f be q(-30). Let v = 200 - f. List the prime factors of v.
2, 71
Let c be (65/(-25) - -1)*(-5)/2. List the prime factors of 708 + 6 + c + 1.
719
List the prime factors of (-234065)/(-13)*(-24)/(-156).
2, 5, 277
Let w = -3534 + 3728. Let r = 86 + -192. Let d = r + w. What are the prime factors of d?
2, 11
Let o = 2348 + -1709. List the prime factors of o.
3, 71
Suppose -33*v + 53013 = -118818. What are the prime factors of v?
41, 127
Suppose -2*w + 2 = 0, 2*w - 139 = 5*j - 2*w. Let d be 384/(-27) - 6/j - -2. Let o = -2 - d. What are the prime factors of o?
2, 5
Suppose -3 - 39 = -21*z. Suppose -7*w - 5*q + 515 = -6*w, z*w - 965 = 3*q. List the prime factors of w.
2, 5, 7
Let a = 6147 - 4463. What are the prime factors of a?
2, 421
Let y be (4/9)/((-4)/(-18)). Suppose 0 = -y*n + 4*n - 218. Let h = n - 42. What are the prime factors of h?
67
Suppose 2*b - 6*o - 27010 = -8*o, b - 13509 = -5*o. List the prime factors of b.
2, 211
Let r(q) = 79*q - 288. Let s be r(36). Suppose 4*j - 2*a - 5112 = 0, 0*j + s = 2*j - 5*a. What are the prime factors of j?
2, 3, 71
Let d(z) = 6*z**3 + 2*z**2. Let o be d(2). Let b = 27 - o. List the prime factors of 22/(-8)*(b - 3).
2, 11
Let f = 242 - 364. Let t = f + 218. List the prime factors of t.
2, 3
Let r(s) = s**3 - 17*s**2 + 70*s + 14. Let h be r(10). What are the prime factors of (5 - h/7) + 359?
2, 181
Let t(c) = 11*c - 100. Let w be t(9). List the prime factors of (-18 - -17)*(w + -226).
227
Let v = 26845 + -4487. What are the prime factors of v?
2, 7, 1597
Let o(f) = -4*f - 4*f**3 + 5*f - 3 - 12*f**2 + 25 + 3*f**3. Suppose 44 = -3*x - b - b, 0 = b + 4. List the prime factors o